be c(r). Suppose 5 = t, s*j + 1 = 2*t + 9. Calculate the greatest common factor of 4 and j.
2
Let d(p) = p**2 - 3*p - 5. Let c be d(-4). Calculate the greatest common factor of 253 and c.
23
Let j = -167 + 261. Let g = j + -14. Calculate the greatest common divisor of 10 and g.
10
Let f = 35 + -2. What is the greatest common factor of 22 and f?
11
Let a(f) = -3 + f + f**3 - 3*f - 2*f**3 + 5*f**2. Suppose -10 = -2*r, 4*m - 2*r = 3*m - 7. Let t be a(m). Calculate the highest common divisor of t and 99.
9
Suppose -4*h - 33 - 175 = -4*t, -5*t - 4*h = -242. Calculate the highest common factor of 20 and t.
10
Let z = 141 - 75. Suppose -q + 0*q - 10 = -4*v, -10 = -3*q + 2*v. Calculate the greatest common factor of z and q.
6
Suppose -d - 4 = 0, -f + 200 = 2*d + 55. Calculate the highest common divisor of 17 and f.
17
Let r(a) be the first derivative of -a**3/3 - 7*a**2/2 + 4*a - 1. Let q be r(-7). Suppose 3*k = q*k - 77. Calculate the highest common factor of 7 and k.
7
Let a be (2/3)/((-8)/12). Let b = a - -19. Let k(w) = -45*w. Let x be k(-1). What is the highest common factor of x and b?
9
Let k(g) = 3*g**3 + g**2 + g - 1. Let b be k(1). Suppose b*j + 9 + 15 = 0. Let r = j - -12. Calculate the greatest common divisor of r and 48.
6
Let u(k) = -6*k + 2. Let d be u(-2). Suppose -2*m - 5 = -7*m. Let t be 2694/24 - m/4. Calculate the greatest common factor of t and d.
14
Let t be ((-1)/(-2))/((-1)/(-8)). Let c(i) = i**3 - 10*i**2 + 10*i - 5. Let b be c(9). What is the greatest common divisor of b and t?
4
Let x be 12 + 2/1 + -1. Suppose -8 = -4*g, 2*w - 4*g = 3*w - 14. Let q be (-12)/w*(-143)/2. Calculate the greatest common factor of x and q.
13
Suppose 2*a + 0*a - 187 = -3*f, 0 = 5*a + 20. What is the greatest common factor of f and 13?
13
Let x be -3 + 6 + (8 - -1 - -1). Let h(m) = m**3 + 8*m**2 - 12*m + 12. Let n = 12 + -21. Let z be h(n). What is the highest common divisor of z and x?
13
Let x be (-34)/(-10) - (-2)/(-5). Let q be 2/(5/(-3) - -1). Let r = x - q. What is the highest common divisor of 48 and r?
6
Let v be (-68)/3*(-69)/46. What is the highest common factor of 85 and v?
17
Let y = 33 + -23. Let f be (-4)/10 + 693/45. What is the highest common divisor of y and f?
5
Let h be 8*3/6 - 0. Suppose 2*t - 10 = -4*z + 2*z, -4*t = -4*z + 12. What is the greatest common divisor of h and z?
4
Let b be 518/4 - (-1)/2. Suppose 4*o - 3 - 1 = 0. Let g be (14 - o) + (1 - 1). What is the greatest common divisor of b and g?
13
Suppose -3*n - 78 = -v + 25, -3*v + 4*n = -324. Suppose -5*m + 5*y = -80, -5*m - 2*y = -0*y - 66. What is the highest common divisor of m and v?
14
Suppose 5*r = -5*j - 230, 3*j = -r + 2*r - 122. Let f = 13 - j. Let b = -27 - -38. Calculate the greatest common divisor of b and f.
11
Let i(c) = c**3 + 7*c**2 + 5*c - 3. Let s be i(-5). Let x = -11 + 14. Let f be -1 + (-3 + 9 - x). Calculate the greatest common factor of f and s.
2
Let x(a) = a**3 + 3*a**2 - 5*a - 3. Let r be x(-4). Let w(s) = -s. Let d be w(-2). Calculate the highest common divisor of r and d.
1
Let x = 5 - -3. Suppose x = 3*w - 7. Suppose 0 = -7*s + w*s + 14. What is the greatest common factor of s and 7?
7
Let h be (-1)/((-2)/53)*2. Let f(w) = -7*w - 5. Let u be f(-12). Let j = h + u. What is the greatest common factor of j and 12?
12
Let j(d) = d**2 + 6*d + 3. Let l be j(-6). Suppose 149 - 9 = 2*v. Suppose -l*o + v = -o. Calculate the greatest common divisor of o and 7.
7
Let i(k) = k**2 - 4*k - 1. Let t be i(5). What is the greatest common divisor of t and 36?
4
Let n(o) = 47*o**3 + o**2 + o - 1. Let r be n(1). What is the highest common divisor of 8 and r?
8
Let f = 5 + -3. Let z(d) = d**3 - 2*d**2 + 2. Let u be z(f). Suppose 0 = -u*a + 6*a - 16. What is the highest common divisor of 12 and a?
4
Let h be 4/(-5)*(2 - 22). Calculate the greatest common factor of h and 4.
4
Let u(r) = -r**2 + 11*r - 4. Let g be u(8). What is the greatest common divisor of 160 and g?
20
Let y be (-722)/(-6) + (-2)/6. Suppose -k - 2*k = -y. Let t be 6/9*(-15)/(-2). Calculate the highest common factor of k and t.
5
Let l(k) = k**3 - 4*k**2 - 6*k + 1. Let i be l(7). Suppose -i = -3*t + 74. What is the highest common divisor of t and 6?
6
Let v(l) = l**3 - 3*l**2 + 4*l - 6. Let g be v(4). Let o = 4 + g. Calculate the highest common factor of 10 and o.
10
Let f = 34 + -57. Let m = 40 + f. Calculate the greatest common divisor of m and 34.
17
Let a = 1 + 26. Let z(h) = -11*h - 48. Let y be z(-6). Calculate the highest common factor of y and a.
9
Suppose -2*v + 4 = -v. Suppose -25 = -v*s + 3*k, 28 = s + 2*k + 8. Calculate the highest common factor of 40 and s.
10
Let w be (2 + (-34)/8)/(6/(-16)). Calculate the highest common factor of w and 6.
6
Let i be (-4)/(-6) - (-4)/3. Suppose -3*q = c, -c + 0*c = i*q - 1. Calculate the greatest common divisor of 1 and c.
1
Suppose 0 = -r - 5*s + 129, -r = r + s - 213. Suppose r = 5*v - v. Let m = 62 - 23. Calculate the highest common divisor of v and m.
13
Suppose 0 = 3*x - 3*b - 144, 2*x - 7*x + 220 = 5*b. Calculate the highest common factor of 115 and x.
23
Suppose 10*t - 4*t - 126 = 0. What is the highest common factor of 3 and t?
3
Let p be -5*(3 - 6 - -2). Suppose p*l = 19 + 41. What is the greatest common divisor of 4 and l?
4
Suppose 0 = 3*y + 2*y + 25, 0 = 5*z + y - 145. Suppose 3*a - z = -0. Suppose -5*c + 4*c + a = 0. Calculate the highest common factor of 2 and c.
2
Suppose -4 = -v, 1 = -2*y - 3*v + 109. Calculate the greatest common factor of 12 and y.
12
Let b = 5 - -25. Suppose -l + b = l. Suppose 6 + l = 3*w. What is the greatest common factor of w and 35?
7
Let h be 22*((-9)/(-3))/(-3). Suppose 3*j - 3*b = -90, 3*b - 85 - 67 = 5*j. Let t = h - j. What is the greatest common divisor of t and 9?
9
Suppose -2*c - 3*c - 255 = -b, b - 51 = c. Let y = c + 115. Suppose 7*x = 3*x + y. Calculate the greatest common factor of x and 16.
16
Let b = -4 + 3. Let x = b - -2. Calculate the highest common divisor of 8 and x.
1
Let b(x) = x**3 + 8*x**2 + 5*x - 1. Let a = -15 + 8. Let o be b(a). Let y = -37 + 89. What is the greatest common divisor of o and y?
13
Suppose -2*w - 2*h = -42, w + 4*w + 2*h = 102. What is the greatest common factor of 8 and w?
4
Let c be 14/4*(-20)/(-35). Suppose 2*t - 5*t = -c*j - 8, -j + 3 = 2*t. What is the greatest common divisor of t and 1?
1
Suppose -3*o + 6*o - 20 = 4*d, 5*o + d - 41 = 0. Let y = -6 + 7. What is the highest common factor of o and y?
1
Suppose -i + 2*q = 425, 0 = -3*i - 2*q - q - 1266. Let b be i/(-12) - (-3)/(-12). Calculate the highest common divisor of b and 210.
35
Suppose 1 = x - 3. Suppose 0 = -x*i + 3*y - 304, -2*y = -7*y. Let k = 112 + i. What is the highest common divisor of 24 and k?
12
Let i = -5 + 73. Calculate the highest common factor of 170 and i.
34
Let p be (13/(-2))/(1/(-2)). Suppose 17*d - 15*d = 234. Calculate the greatest common divisor of d and p.
13
Let t be 3/((65/(-120))/(-13)). What is the highest common factor of t and 48?
24
Let a be (-2 - -29)*(-6)/(-18). What is the highest common divisor of a and 9?
9
Let b = -31 - -49. What is the greatest common factor of b and 6?
6
Let c = -32 - -11. Let d = -12 - c. Let r = d - 4. Calculate the highest common factor of 25 and r.
5
Suppose 0*w = 4*k - 2*w - 208, 5*w + 112 = 2*k. Suppose -v = 5*b - 414, 3 = v - 1. Let h = b + -48. Calculate the greatest common factor of k and h.
17
Let m = -98 - -258. Calculate the greatest common factor of m and 20.
20
Suppose 3*z - 137 = 6*g - 5*g, -z + g = -47. Let f = -20 + z. Let r be (-2)/(-5) - 12353/(-55). Calculate the highest common divisor of f and r.
25
Let f = 15 + -9. Let d be (642/(-9))/((-6)/9). Let w = d + -53. What is the highest common divisor of w and f?
6
Let u = -239 - -459. Suppose 0 = -a + m + 21, -111 = -4*a + 3*m - 28. What is the highest common divisor of u and a?
20
Suppose 3*j = -5*d + 72, -j - 74 = -5*d - 2*j. What is the highest common factor of 75 and d?
15
Suppose -5*l + 28 + 37 = 0. What is the greatest common divisor of l and 13?
13
Let l be (-10)/(0 + (-6)/(-21)). Let g = 5 - l. Suppose -2*w = t - 16, -5*w + g = 2*t - t. Calculate the greatest common divisor of 40 and w.
8
Suppose 21 = v - s, -s - 1 + 6 = 0. Calculate the greatest common divisor of 78 and v.
2